l = v - -115. Let n = l + 5. What are the prime factors of n?
3, 5
Let h = 694 - 162. What are the prime factors of h?
2, 7, 19
Let f be (4 - 3)*(-730)/(-2). List the prime factors of f/40*-2*-4.
73
Let g(l) be the second derivative of -l**5/20 - 5*l**4/6 - l**3/6 - 4*l**2 - 15*l. Suppose -21 = 2*t - 1. What are the prime factors of g(t)?
2
Let n be 3/6*(199 + 3). Let f = 222 - n. What are the prime factors of f?
11
Suppose 0 = n - 296 - 15. Let d = n + -194. What are the prime factors of d?
3, 13
Let t(d) = -13*d - 2. Let c be t(-3). Suppose v = -3*x - 30 - c, -v = -2*x + 42. Let p = -35 - v. What are the prime factors of p?
17
Suppose -5*x + 10*x = -3*m - 18, -5*x = m + 16. List the prime factors of (-1 - (-6 - m)) + 77*2.
2, 79
Let g be (-14)/70 - (-291)/5. Suppose -4*i = -g + 338. List the prime factors of (-2 - i)/(2 - 0).
2, 17
Suppose -4*s + 515 = 2*i - 709, 4*i + 5*s - 2448 = 0. List the prime factors of (-11 + 1)*i/(-45).
2, 17
List the prime factors of ((-19)/(-7) - 1)/((-18)/(-567)).
2, 3
Let v = -246 + 273. What are the prime factors of v?
3
Let i be (0 - -5)/((-6)/18). Let f = 14 + i. What are the prime factors of -4*1 + (-8)/f?
2
Let x be (-4)/3*(0 + -12). Suppose x*p = 18*p - 22. List the prime factors of p.
11
What are the prime factors of 1781 - (-35 + 29)/(6/(-4))?
1777
Suppose -4*l - q = -2*q - 691, -2*l + 341 = -5*q. Suppose -4*j + 359 = -l. What are the prime factors of j?
7, 19
Suppose a - 12 = -4*t + 3, -5*t - 3*a = -17. Suppose -2*o - 504 = -6*o - 3*u, -t*o + 504 = -2*u. What are the prime factors of o?
2, 3, 7
What are the prime factors of 95 + 7/14*-4?
3, 31
Let l(b) = 1155*b**2 - 8*b - 12. What are the prime factors of l(-2)?
2, 17
Let x(n) = n**3 - 10*n**2 + 4*n + 8. Let v be x(9). Let c = v + 86. What are the prime factors of c?
7
Suppose -g - 23*g + 1512 = 0. What are the prime factors of g?
3, 7
Let s(b) = -10*b**2 - 8*b. Let t be s(4). Let q = -1 - t. What are the prime factors of q?
191
Suppose 5*x = 517 + 1418. List the prime factors of x.
3, 43
List the prime factors of -985*13/((-260)/8).
2, 197
Let p(s) = 3*s + 106. List the prime factors of p(22).
2, 43
Let y(l) = l - 3. Let f be y(4). Let i be 10/(-4) - 14/4. List the prime factors of (1 + -8)*(i + f).
5, 7
Let z be (6 + -2)*34/(-8). What are the prime factors of (26 + z)*(0 - -1)?
3
Let i be (3/2 - -1)*8/20. Suppose -3*g + 4*u + 35 = 2*g, 4*g - u = 17. Suppose 2*t + i = -4*q + g*q, -2*t = 3*q - 5. List the prime factors of q.
3
Suppose 3360 = -111*m + 117*m. List the prime factors of m.
2, 5, 7
Let z(p) = 828 - 838 - 20*p - 3*p**2 + 2*p**2. What are the prime factors of z(-12)?
2, 43
Suppose 0 = -y - 4*o + 6*o + 83, 0 = -3*y + 3*o + 234. List the prime factors of y.
73
Let v(g) = 51*g - 24. What are the prime factors of v(10)?
2, 3
Suppose 10*w - 6851 - 8679 = 0. What are the prime factors of w?
1553
Suppose 2*t = 3*n + 65, -10*n + 12*n - 104 = -3*t. What are the prime factors of t?
2, 17
Suppose 0*c = -5*c - 15. Let n be -1 - c*2/2. Suppose -v - 4*b - 6 = -23, -6 = n*b. List the prime factors of v.
29
Let c = 1690 + -774. List the prime factors of c.
2, 229
Let j = 39 - 51. List the prime factors of (-255)/(-9) - j/18.
29
Let w(l) = -l**3 + 41*l**2 + 145*l + 192. What are the prime factors of w(44)?
2, 191
Let t(r) = r**2 + 6*r + 1. Suppose -2*v = -8*v + 72. Suppose -5*i = v + 28. What are the prime factors of t(i)?
17
Let n = 593 - 71. List the prime factors of n.
2, 3, 29
List the prime factors of 20824/24 + -3 - (-4)/(-6).
2, 3
Let o be 357/(-35) - (-3)/15. What are the prime factors of 382/2 + 50/o?
2, 3, 31
Suppose -27092 = 30*s - 43*s. List the prime factors of s.
2, 521
Let j(v) = v + 70. Let f be j(7). Suppose -1 = 4*i - 9*i + 3*l, -3*l = 5*i - 19. Suppose i*p = f + 21. List the prime factors of p.
7
Suppose -j - 560 = -5*j. Suppose -f + j = -5*f. What are the prime factors of -3 - (-3 + 1*f)?
5, 7
Let m(s) be the second derivative of 7*s**4/6 + s**3/6 - 2*s**2 - 3*s. Let y(b) = -2*b - 4. Let q be y(-1). What are the prime factors of m(q)?
2, 5
Suppose v + 176 = 4*v + 2*h, -188 = -3*v - 5*h. What are the prime factors of v?
2, 7
Let m be (-150)/(-36) - (0 + 1/6). Suppose -5*c - m*n = -173 - 304, -c - 2*n + 99 = 0. List the prime factors of c.
3, 31
Let k = 38 - 74. Let d = 40 + k. What are the prime factors of d?
2
Suppose 4221 = -9*w + 11*w + 5*t, 4*w - 5*t - 8397 = 0. List the prime factors of w.
3, 701
Suppose -2*z - k = k - 1038, -5*z + 2595 = 3*k. What are the prime factors of z?
3, 173
Suppose -2*a + 2336 = 5*g, 2*a + 472 = -0*g + g. List the prime factors of g.
2, 3, 13
Let b = 946 + -618. List the prime factors of b.
2, 41
List the prime factors of (-2634)/(-7) - 28/98.
2, 47
Suppose -54*l + 38175 = -29*l. What are the prime factors of l?
3, 509
Let o = 7230 + -4872. List the prime factors of o.
2, 3, 131
Let n(z) = 5*z - 8. Let o be n(5). Suppose -5 = d, -4*r - d = -152 + o. What are the prime factors of r?
5, 7
Let j be (-1)/(8/(-6) + 1). Let z = -9 + 13. Suppose -4*c = c - z*x - 37, 2*c + j*x = 1. What are the prime factors of c?
5
Let f = -692 + 1523. What are the prime factors of f?
3, 277
Let b be (-2 - (-18)/2) + (-14)/7. Let l(q) = -q**3 + 9*q**2 + 5*q - 10. What are the prime factors of l(b)?
5, 23
Suppose 0 = -5*s + 9 + 1. Let z(b) = s + 11*b - b**2 + b**3 - 10*b + 2. What are the prime factors of z(0)?
2
Suppose -2179 - 1717 = -8*q. List the prime factors of q.
487
Suppose 0 = -q + 1 - 26. Let x = 51 - q. Suppose -b = b - 4*p - x, -2*p + 154 = 5*b. What are the prime factors of b?
2
Suppose 4*t - 61 = 15. Suppose 11*z + 92 = 15*z. Let a = t + z. What are the prime factors of a?
2, 3, 7
List the prime factors of (-264)/110*670/(-4).
2, 3, 67
Let i(n) = -5*n - 38. Let h be i(-18). List the prime factors of (h/(-78))/(2/(-105)).
5, 7
Suppose 3*j - 4*j = 5*f - 12, 2*f = -j + 6. Suppose -3*a - 5*t + 201 = -4*t, -f*a + 145 = -3*t. What are the prime factors of a?
2, 17
Let m = 49 - -963. What are the prime factors of m?
2, 11, 23
Let d = 2808 - -498. What are the prime factors of d?
2, 3, 19, 29
Let g be -46*3/6*-1. Suppose g*s - 57 = 22*s. What are the prime factors of s?
3, 19
Let g be 3 + (3/(-3))/1. Suppose -b - 18 = -5*k, g*b + 0*b - 8 = -k. List the prime factors of b.
2
Let y(h) = 4*h**2 + 2*h**2 + 19*h - 21*h. Let k be y(-1). Let g(f) = 3*f + 11. List the prime factors of g(k).
5, 7
Suppose 9*c + 0*c = 18. Suppose -3*n - 322 = -4*s, -c*s + s - 5*n = -69. List the prime factors of s.
79
Suppose -3*s = 4*x - 8, -3*x - 2*x = -s - 10. Suppose s = -2*w - 0*p + 2*p + 132, w - 46 = 5*p. Suppose 3*z - 34 - w = 0. What are the prime factors of z?
5, 7
Let u(l) = 15*l**3 - l. Let k be u(-1). Let v(d) = -d**2 - 13*d + 18. Let a be v(k). Let n(s) = -s**3 + 6*s**2 - 3*s - 1. List the prime factors of n(a).
19
Let c(h) be the second derivative of -h**5/20 - h**4 + 4*h**3/3 - 6*h**2 + 11*h. Suppose -n - 26 = 2*u - 0*n, -5*u + 2*n = 65. List the prime factors of c(u).
53
Suppose 5*i + 21 = 4*m, -2*i - 20 = 2*i. Suppose a + 8 = 15*g - 19*g, 2*a = 0. What are the prime factors of g*13*(m - 0)?
2, 13
Let p be (-9 + 8)*(-2)/(4/6). Suppose -p*t + 3*c + 524 = 203, -t + 113 = -3*c. What are the prime factors of t?
2, 13
Suppose -5*k + 72 = 3*k. Suppose -k*r + 4*r + 380 = 0. List the prime factors of r.
2, 19
What are the prime factors of (-9 - 116/(-12))*18822/4?
3137
Let q(l) = 2*l - 1. Let h be q(0). What are the prime factors of 86 + (h + 7 - 2)?
2, 3, 5
Let i(k) = -17*k**2 - 6*k - 14. Let v be i(-4). Let z = v + 530. What are the prime factors of z?
2, 67
Let l = -2634 - -3768. What are the prime factors of l?
2, 3, 7
Suppose g - 37 - 117 = 0. Suppose -4*n - 5*k - 416 = 0, k - 104 = n + 2*k. Let a = n + g. List the prime factors of a.
2, 5
What are the prime factors of 2060 + ((-10)/(-30))/(4/60)?
5, 7, 59
Suppose -7*d = -11*d - 16, -3*d + 675 = 3*b. List the prime factors of b.
229
What are the prime factors of (420/24)/(0 - (-1)/82)?
5, 7, 41
Let w(g) = -6*g**3 - 7*g**2 + 6*g + 8. Let y(l) = l**3 + l**2 - 1. Let v(t) = w(t) + 5*y(t). Let x be v(-4). Suppose 6 = b - x. What are the prime factors of b?
17
Suppose -5*c - 40 = 5*y, 0 = 3*c - 2*c - 5*y + 32. List the prime factors of (-1925)/(-20) - c/16.
97
Suppose -7 = 3*q - 3*j - 1, 4*q -